{"id":187,"date":"2025-11-10T17:24:20","date_gmt":"2025-11-10T20:24:20","guid":{"rendered":"https:\/\/manuflores.com.ar\/?post_type=product&#038;p=187"},"modified":"2025-11-10T17:24:20","modified_gmt":"2025-11-10T20:24:20","slug":"set-devastador-punzon-multiuso","status":"publish","type":"product","link":"https:\/\/manuflores.com.ar\/?product=set-devastador-punzon-multiuso","title":{"rendered":"Set devastador\/punzon multiuso"},"content":{"rendered":"<p>Un <b>Desbastador<\/b> es esa herramienta fundamental que te da el <b>poder de transformar<\/b> un bloque de arcilla en la forma que imaginaste.<\/p>\n<p>Es una herramienta de metal robusto, dise\u00f1ada para que puedas <b>remover el exceso de material<\/b> de manera r\u00e1pida y pareja, d\u00e1ndole la forma inicial a tu pieza sin esfuerzo. Es perfecto para:<\/p>\n<ul>\n<li><b>Vaciar o Ahuecar:<\/b> Simplifica el proceso de quitar material del interior de una escultura o cuenco.<\/li>\n<li><b>Definir la Forma:<\/b> Ayuda a esculpir contornos, crear texturas interesantes y marcar detalles gruesos antes de pasar a las herramientas m\u00e1s finas.<\/li>\n<li><b>Uniones Prolijas:<\/b> Es ideal para alisar y reforzar las uniones\u00a0entre diferentes partes de tu obra.<\/li>\n<li><b>El Retorneado Perfecto:<\/b> Tambi\u00e9n es la herramienta ideal para <b>hacer el junquillo<\/b> (la base de la pieza con forma circular que permite que se esmalte la superficie inferior) durante el proceso de retorneado, cuando la pieza ya est\u00e1 en estado de cuero en el torno alfarero.<\/li>\n<\/ul>\n<p>En Blumen, seleccionamos desbastadores con dise\u00f1os \u00fanicos y <b>ergon\u00f3micos<\/b> que aseguran un control \u00f3ptimo. Sent\u00ed c\u00f3mo la solidez y el dise\u00f1o te permiten trabajar con <b>comodidad y eficacia<\/b>, logrando que cada escultura empiece con una base impecable.<\/p>\n<hr \/>\n<h3><b>\ud83c\udf38 Tip Blumen: Para Esculpir con la T\u00e9cnica Kurinuki<\/b><\/h3>\n<blockquote><p>Este desbastador es ideal si quer\u00e9s practicar la t\u00e9cnica oriental del <b>Kurinuki<\/b>, que se traduce como &#8220;excavar&#8221;. Consiste en esculpir una forma tridimensional partiendo de un solo bloque de arcilla s\u00f3lida, usando el desbastador para <b>retirar el material sobrante del interior<\/b> hasta dejarla hueca. Es un proceso meditativo y org\u00e1nico, \u00a1y esta herramienta es la clave para lograrlo!<\/p><\/blockquote>\n<h3><b>\ud83c\udf38 Tip Blumen: El Cuidado para que Dure Siempre<\/b><\/h3>\n<p>Para preservar tu desbastador:<\/p>\n<blockquote><p>Siempre record\u00e1 limpiar los restos de arcilla apenas termines de usarlo. Si los moj\u00e1s para lavarlos, pasales un pa\u00f1o para quitar el exceso de agua y dejalos secar completamente al aire antes de guardarlos. Si lo guard\u00e1s h\u00famedo, la madera no termina de secarse bien, pero con este simple h\u00e1bito vas a preservar el mango de madera y la cinta met\u00e1lica por mucho m\u00e1s tiempo.<\/p><\/blockquote>\n<hr \/>\n<h3><\/h3>\n<p>&nbsp;<\/p>\n<p>&nbsp;<\/p>\n","protected":false},"excerpt":{"rendered":"<p>Un Desbastador es esa herramienta fundamental que te da el poder de transformar un bloque de arcilla en la forma que imaginaste. Es una herramienta de metal robusto, dise\u00f1ada para que puedas remover el exceso de material de manera r\u00e1pida y pareja, d\u00e1ndole la forma inicial a tu pieza sin esfuerzo. Es perfecto para: Vaciar [&hellip;]<\/p>\n","protected":false},"featured_media":204,"comment_status":"open","ping_status":"closed","template":"","meta":[],"product_brand":[],"product_cat":[18],"product_tag":[],"class_list":{"0":"post-187","1":"product","2":"type-product","3":"status-publish","4":"has-post-thumbnail","6":"product_cat-sin-categorizar","8":"first","9":"instock","10":"taxable","11":"shipping-taxable","12":"product-type-simple"},"jetpack_sharing_enabled":true,"_links":{"self":[{"href":"https:\/\/manuflores.com.ar\/index.php?rest_route=\/wp\/v2\/product\/187","targetHints":{"allow":["GET"]}}],"collection":[{"href":"https:\/\/manuflores.com.ar\/index.php?rest_route=\/wp\/v2\/product"}],"about":[{"href":"https:\/\/manuflores.com.ar\/index.php?rest_route=\/wp\/v2\/types\/product"}],"replies":[{"embeddable":true,"href":"https:\/\/manuflores.com.ar\/index.php?rest_route=%2Fwp%2Fv2%2Fcomments&post=187"}],"wp:featuredmedia":[{"embeddable":true,"href":"https:\/\/manuflores.com.ar\/index.php?rest_route=\/wp\/v2\/media\/204"}],"wp:attachment":[{"href":"https:\/\/manuflores.com.ar\/index.php?rest_route=%2Fwp%2Fv2%2Fmedia&parent=187"}],"wp:term":[{"taxonomy":"product_brand","embeddable":true,"href":"https:\/\/manuflores.com.ar\/index.php?rest_route=%2Fwp%2Fv2%2Fproduct_brand&post=187"},{"taxonomy":"product_cat","embeddable":true,"href":"https:\/\/manuflores.com.ar\/index.php?rest_route=%2Fwp%2Fv2%2Fproduct_cat&post=187"},{"taxonomy":"product_tag","embeddable":true,"href":"https:\/\/manuflores.com.ar\/index.php?rest_route=%2Fwp%2Fv2%2Fproduct_tag&post=187"}],"curies":[{"name":"wp","href":"https:\/\/api.w.org\/{rel}","templated":true}]}}